{"id":112,"date":"2018-12-31T18:02:31","date_gmt":"2018-12-31T18:02:31","guid":{"rendered":"http:\/\/sv-muenchwilen.ch\/WordPress\/?page_id=112"},"modified":"2025-04-04T11:08:44","modified_gmt":"2025-04-04T09:08:44","slug":"10m-indoor-luftgewehr","status":"publish","type":"page","link":"https:\/\/sv-muenchwilen.ch\/?page_id=112","title":{"rendered":"10m Indoor Luftgewehr"},"content":{"rendered":"\n<p>Wir sind jeden 3. Freitag ab 17 Uhr im Monat im Sch\u00fctzenhaus M\u00fcnchwilen anzutreffen. F\u00fcr einen Unkostenbeitrag von Fr.5.-, kannst Du bei uns Erfahrung im pr\u00e4zisen Schiessen sammeln.<\/p>\n\n\n\n<p><a href=\"https:\/\/sv-muenchwilen.ch\/WordPress\/?page_id=71\">Kontaktiere<\/a> uns und erfahre wann wir anzutreffen sind.<\/p>\n\n\n\n<p>Die Luftgewehre sind nicht weniger pr\u00e4zis als dies im 300m schiessen gewohnt ist. Bei Schie\u00dfscheiben f\u00fcr das Luftgewehrschie\u00dfen auf 10 Meter hat die \u201eZehn\u201c einen Durchmesser von 0,5&nbsp;mm.<\/p>\n\n\n\n<p>An kalten Tagen ist es m\u00f6glich die Anlage etwas zu heizen.<\/p>\n\n\n\n<p>Wir sind seit einigen Jahren Austragungsort des `goldigen Tannzapfen` und der Ferienpass M\u00fcnchwilen ist auch regelm\u00e4ssig bei uns zu gast. Auch Firmen und Sportvereine waren schon bei uns zu besuch und konnten unter fachkundiger Leitung das Luftgewehrschiessen erlernen.<br><br><\/p>\n","protected":false},"excerpt":{"rendered":"<p>Wir sind jeden 3. Freitag ab 17 Uhr im Monat im Sch\u00fctzenhaus M\u00fcnchwilen anzutreffen. F\u00fcr einen Unkostenbeitrag von Fr.5.-, kannst&hellip;<\/p>\n","protected":false},"author":3,"featured_media":0,"parent":0,"menu_order":0,"comment_status":"closed","ping_status":"closed","template":"","meta":{"footnotes":""},"class_list":["post-112","page","type-page","status-publish","hentry"],"_links":{"self":[{"href":"https:\/\/sv-muenchwilen.ch\/index.php?rest_route=\/wp\/v2\/pages\/112","targetHints":{"allow":["GET"]}}],"collection":[{"href":"https:\/\/sv-muenchwilen.ch\/index.php?rest_route=\/wp\/v2\/pages"}],"about":[{"href":"https:\/\/sv-muenchwilen.ch\/index.php?rest_route=\/wp\/v2\/types\/page"}],"author":[{"embeddable":true,"href":"https:\/\/sv-muenchwilen.ch\/index.php?rest_route=\/wp\/v2\/users\/3"}],"replies":[{"embeddable":true,"href":"https:\/\/sv-muenchwilen.ch\/index.php?rest_route=%2Fwp%2Fv2%2Fcomments&post=112"}],"version-history":[{"count":6,"href":"https:\/\/sv-muenchwilen.ch\/index.php?rest_route=\/wp\/v2\/pages\/112\/revisions"}],"predecessor-version":[{"id":2487,"href":"https:\/\/sv-muenchwilen.ch\/index.php?rest_route=\/wp\/v2\/pages\/112\/revisions\/2487"}],"wp:attachment":[{"href":"https:\/\/sv-muenchwilen.ch\/index.php?rest_route=%2Fwp%2Fv2%2Fmedia&parent=112"}],"curies":[{"name":"wp","href":"https:\/\/api.w.org\/{rel}","templated":true}]}}